3*f + 65651 = -81232. What are the prime factors of f?
4451
Let v = 35 + -29. Suppose 2*f - v*f + 20 = 0. Suppose -3*h + 2*b = -h - 28, 4*b - 97 = -f*h. List the prime factors of h.
17
Let x = -5506 - -12196. What are the prime factors of x?
2, 3, 5, 223
What are the prime factors of 270*((-742)/(-5) - (-3 + (6 - 11)))?
2, 3, 17, 23
Let k(c) = 8110*c - 922. List the prime factors of k(4).
2, 3, 17, 103
Suppose 4 = i + 4*s + 179, s - 314 = 2*i. Let k = i + 321. Suppose -21*t + 18*t = -k. What are the prime factors of t?
2, 3
Suppose -5*j - 4*m = -334, -3*m - 118 + 136 = 0. List the prime factors of j.
2, 31
Let a(f) = f**3 - 8*f**2 - 7*f. Let r be 11 + 1/2*-2. Let w be (9/(-2))/((-5)/r). List the prime factors of a(w).
2, 3
Suppose -3*d - 261 = -3*q, -342 = 5*d - d + 2*q. Let i = d - -87. Suppose -i + 10 = 3*k, -2*x + 285 = k. What are the prime factors of x?
3, 47
What are the prime factors of 2*194/(-15)*61953/214*-5?
2, 97, 193
Let h = 10994 - 5963. Suppose 6*v = -147 + h. What are the prime factors of v?
2, 11, 37
Let x = 21408 + -282. List the prime factors of x.
2, 3, 7, 503
Let t be 16/12*126 + 1. Suppose -t*u = -168*u - 1823. What are the prime factors of u?
1823
Let p(a) = 3*a**3 + 4*a**2 + 170*a - 60. List the prime factors of p(15).
3, 5, 17, 53
Let z be (0 + 0)/(14 - 16). Let d(b) = 12*b**2 + z*b**3 + 4 + 11 + b**3 + 6*b - 3. List the prime factors of d(-11).
67
Let z be (1/3 - 3)*-72. Let y(w) = w**3 + 33*w**2 + 33*w + 89. Let q be y(-32). Let m = z - q. What are the prime factors of m?
3, 5
Suppose 2*n - 10800 = -2*m + 10324, 7*m = -7. List the prime factors of n.
3, 7, 503
List the prime factors of ((-660)/55 - -6) + (0 - 45578)/(-1).
2, 11393
Suppose -4*w - c = -15, -6 = -w - c - 0. Suppose -5*x = -w*u + u - 3476, -5*u - 2078 = -3*x. List the prime factors of x.
2, 3, 29
Suppose 7 = 4*x + 2*u - 11, -20 = -4*u. Let q be (-11)/x*(-2 - 0). Let a(z) = 2*z**2 - 5*z + 32. What are the prime factors of a(q)?
3, 73
Let v(t) = t**2 - 26*t - 35. Let m be v(25). What are the prime factors of ((-1692)/m*-4)/((-2)/5)?
2, 3, 47
Let p = -957 + 1377. Suppose 204*a - 206*a + p = 0. What are the prime factors of a?
2, 3, 5, 7
Let n(t) = 2*t**3 - 39*t**2 - 106*t - 329. List the prime factors of n(31).
2, 2311
Suppose 5*o = 5*u + 76590, -76600 = -5*o + 13*u - 10*u. What are the prime factors of o?
7, 11, 199
Suppose -f + 2*y = 2*f + 2, 0 = -2*f - 2*y + 2. Suppose 6 = -f*l + 2*l. Suppose l*u = w - 108, 5*w + 4*u = -u + 540. What are the prime factors of w?
2, 3
Let x = -223 + 102. Let v = x - -309. What are the prime factors of v?
2, 47
Suppose a + 3*r = 116, 5*a = -5*r + 46 + 574. What are the prime factors of (-8)/(a/(-24))*86?
3, 43
Let h(u) = -u**3 + 11*u**2 + 28*u - 21. Let a be h(13). Let i(c) = 25*c**2 + 14*c - 6. What are the prime factors of i(a)?
13, 53
What are the prime factors of ((-2)/(-2))/((2 - -5) + 462135/(-66020))?
2, 3301
Let j(k) = -267*k + 1. Let r be j(-1). Suppose 4*m = 6*y - 2304, -4*y + 3*y = 4*m - 398. Let i = y - r. List the prime factors of i.
2, 59
Let u be (((-19756)/(-16))/(-11))/(2/(-48)). Let w = -1774 + u. What are the prime factors of w?
2, 5, 23
Let a = 290 - -158. Suppose -3*w + 2*z + a = 0, 0*z = z - 4. Suppose -4*v = 6*l - 4*l - w, l - 3*v = 71. What are the prime factors of l?
2, 37
Let o(h) = 7*h**3 - 13*h**2 - 26*h - 31. Let m(w) = 3*w**3 - 6*w**2 - 13*w - 15. Let a(i) = 9*m(i) - 4*o(i). What are the prime factors of a(-6)?
211
Let c(d) = 527*d**2 + 94*d + 2. What are the prime factors of c(-4)?
2, 3, 17, 79
Let w be 156/26 + (-5)/(5/9). Let h(c) be the second derivative of 2*c**4/3 - c**3 - 5*c**2/2 + c. What are the prime factors of h(w)?
5, 17
Let i be ((-16)/10)/(((-32)/(-100))/(-4)). Suppose 2*w + i = -8*w. List the prime factors of ((-6)/w - 41)*-4.
2, 19
Let b be (-4)/(-2 + 0/7). Let y(q) = 85*q + 58. What are the prime factors of y(b)?
2, 3, 19
Let h = 49617 + -25018. Suppose 61*w + h = 78*w. List the prime factors of w.
1447
Let v = -179 - -357. Suppose 2*j - r + 99 = 0, -3*r + 121 = -5*j - 128. Let y = j + v. List the prime factors of y.
2, 5, 13
Let o be 3 + -1 + -2 + -326 + -3. Let l be 13 - 13 - (228 - 0). Let s = l - o. List the prime factors of s.
101
Suppose 0 = 22*t - 13*t - 63. Suppose 4*x = -r + 37, -t = 4*x - 3*r - 24. List the prime factors of (x/6)/((-3)/(1134/(-4))).
2, 3, 7
Suppose 2*t + 3*v = 326, -v - 571 + 229 = -2*t. Suppose -t*d = -176*d + 2191. What are the prime factors of d?
313
Suppose -4*j = 5*j - 36. Suppose s + 7*y = 3*y - 112, -360 = 3*s + j*y. Let r = s - -212. What are the prime factors of r?
2, 11
Suppose 5*r = 15, -8*m + 5*r + 2002 = -7*m. What are the prime factors of m?
2017
Suppose 2*x + 433 = 5*s, s = 3*s - 5*x - 169. Let w = -21 + s. Let r = w - -44. What are the prime factors of r?
2, 5, 11
Suppose 43*g = 52*g - 90. Suppose g*x - 4071 = 4759. List the prime factors of x.
883
Suppose 0 = 211*l - 215*l + 12. Suppose 11*c - 6*c - 10 = 0, 4*g = l*c + 1242. What are the prime factors of g?
2, 3, 13
Suppose -5*m = 20, -v + 4*m + 306 = -89. Let f = v - 217. List the prime factors of f.
2, 3
Let z = -5695 + 51396. What are the prime factors of z?
23, 1987
Let k = 58 + -51. Suppose k = x + 21. What are the prime factors of (-6)/14 - (0 - (-62)/x)?
2
Suppose 5*g + 1970 = 5*r, g - 7*r + 11*r + 374 = 0. What are the prime factors of -1*(-4)/(-8)*(g - -16)?
11, 17
Let u(q) = -5*q**2 + 8*q - 13. Let v be u(-7). Let h = 505 + v. List the prime factors of h.
191
Let q(l) = 20*l + 36. Let n = -116 - -160. Suppose 27*k - n = 23*k. List the prime factors of q(k).
2
Let p(q) = 23*q - 108. Let n be p(5). Suppose 0 = n*z - 403 - 1207. List the prime factors of z.
2, 5, 23
Let i = 82 - 70. Suppose -7*g + i*g - 15 = 0. Suppose -g*a + 2*c = -19, 5*a - 2*c - 37 = -4*c. List the prime factors of a.
7
Let w be 1/2*(1144/(-1))/(-4). Let o = 656 - w. List the prime factors of o.
3, 19
Suppose -2*x = -5*l - 26, 12 = -3*x + 7*x. Let u be 85/2 - (2/l)/1. Suppose u = 3*d - 83. What are the prime factors of d?
2, 3, 7
Let s(b) = b**3 - 6*b**2 - 3*b - 25. Let c(t) = -t**3 - 4*t**2 - 7*t - 1. Let r be c(-3). What are the prime factors of s(r)?
547
Let g(i) = -i**3 - 4*i**2 + 5*i - 6. Let r be g(-5). Let t(l) = -l**3 - 5 - 21*l**2 - 10 + 16*l**2 - 4*l. What are the prime factors of t(r)?
3, 5
Suppose -5*h = -10*h + 125. Let d(m) = 11 - 2*m + 2*m**2 - h + 16*m. What are the prime factors of d(-12)?
2, 53
Let i(g) = 273*g**2 - 32*g - 237. List the prime factors of i(-6).
3, 1087
Let a(o) = o**3 - 4*o**2 - 17*o + 4. Suppose 2*b + 3*u = 33, 7 = 2*b - 3*u + 4. List the prime factors of a(b).
2
Let r(o) = 19*o - 22. Let n be r(6). Suppose -5*l - 2*x = -2*l - 252, n = l - 2*x. Let g = l + 5. List the prime factors of g.
7, 13
Suppose -2*z + 94656 + 19044 = -4*y, 3*z = -5*y + 170495. Suppose -z = -46*f + 6*f. List the prime factors of f.
7, 29
Let p = 395 + -355. List the prime factors of 230 + (-4)/(-2)*p/16.
5, 47
Suppose -30 = -3*p + 13*p. List the prime factors of 80/(-240) - 4705/p.
2, 7
Let q(c) = -7*c - 13. Let u be q(-2). Let d be 91/42 - u/6. Suppose 0 = -d*t - 41 + 221. What are the prime factors of t?
2, 3, 5
Let p(c) = -2*c + 29. Let u be (16 - -2)*((-8)/6 + 2). Suppose u*k = 6*k. What are the prime factors of p(k)?
29
Suppose 5*w - 17 = -7. Suppose -n - 5*d + 35 = -150, -w*n - 3*d + 356 = 0. List the prime factors of n.
5, 7
Suppose 4*a - j = 41, 5 + 14 = 2*a + j. Suppose 2*p = a*p - 40. Suppose p*y - 194 = 536. What are the prime factors of y?
2, 73
Let v(r) = 15*r**3 - 5*r**2 + 182*r - 539. List the prime factors of v(3).
367
Suppose 843 = 13*l - 28. Let h = l + -36. Let x = h - -30. What are the prime factors of x?
61
Let f = 62732 - 43460. What are the prime factors of f?
2, 3, 11, 73
Let z = -384 - -399. Suppose 0 = -z*x + 1717 + 2003. What are the prime factors of x?
2, 31
Suppose 3*b - 5*d - 23 = 2*b, 3*d - 46 = -4*b. Suppose -b*j + 7*j = -36. Suppose -645 = -j*h + h. List the prime factors of h.
3, 43
Let d = 3450 - 2413. Let g = 1683 - d. List the prime factors of g.
2, 17, 19
Suppose -2*n + 5*h = -0*h + 64, -h + 4 = 0. Let g be (-53)/11 - (-4)/n. List the prime factors of (-1)/5 - 396/g.
79
Let v = 387 - 52. Let a = v - 186. List the prime factors of a.
149
Let a(c) = -c**3 + 8*